l + 464 = f*l. List the prime factors of l.
2, 29
Let i = -40 - -29. Let r(x) = -2*x - 20. Let f be r(i). Suppose -b + 4*a = -8, -f*b - 3*b - a + 145 = 0. What are the prime factors of b?
2, 7
Let f = 38852 - 27629. What are the prime factors of f?
3, 29, 43
Let g = 87 - 135. Let r = g - -69. Suppose r = -5*z + 206. List the prime factors of z.
37
Let y(g) = -2203*g - 527. List the prime factors of y(-17).
2, 3, 17, 181
Let l = -42 - -30. Let x be 3*(-14)/l*22. Suppose 4*u = 5*j - 418, -5*u = -j - 2*u + x. What are the prime factors of j?
2, 43
Suppose 5*c + 6 = 4*n, 13 = 5*n - c - 5. List the prime factors of (2*216/n)/((-6)/(-4)).
2, 3
Let q = 559 + 757. Suppose 742 = -j + q. List the prime factors of j.
2, 7, 41
Suppose -3*h + 144138 = 4*r, -1043*r = -1042*r - 5*h - 36046. List the prime factors of r.
2, 3, 7, 11, 13
Suppose -18*v + 40 + 32 = 0. Suppose 0 = v*f - 6*m + 10*m - 3312, 2449 = 3*f - 4*m. List the prime factors of f.
823
Let o be (-3 + -6)/3 + -18 + 3. Let u(v) = 24*v. Let k be u(1). List the prime factors of ((-111)/2)/(o/k).
2, 37
Let n(v) = 956*v - 6914. What are the prime factors of n(38)?
2, 7, 11, 191
Suppose 16*d = 12*d + 24. Suppose -30*c = -d*c - 1944. List the prime factors of c.
3
Let w = 677 - 288. Let v = -232 + w. What are the prime factors of v?
157
Let u = 3609 - 3287. List the prime factors of u.
2, 7, 23
Suppose 5*b - 5 = 5*a, -4*a + 14 = -b + 6. Suppose -m + 2*g + 898 = 0, -11*m + 7*m = b*g - 3532. List the prime factors of m.
2, 3, 37
Let r = -56 - -364. Suppose 0 = 306*p - 305*p - 218. Let y = r - p. List the prime factors of y.
2, 3, 5
Let q(u) = 26491*u + 534. List the prime factors of q(1).
5, 23, 47
Suppose -5*o - 48 = -n + 2*n, 33 = -4*o + n. Let v = -772 + 924. List the prime factors of v/(1 - 0 - (-9 - o)).
2, 19
List the prime factors of (813 + -58)*(-59)/(-5).
59, 151
Suppose 0 = -42*j + 45*j + 3*y + 90, 2*y = 10. What are the prime factors of ((-147)/(-15))/(((-42)/j)/6)?
7
Suppose 0 = -5*b - b + 786. Suppose a + b = 4*w, w - a = -2*w + 97. Suppose 33*x = 31*x + w. What are the prime factors of x?
17
Let k(a) = a**3 + 17*a**2 - 21*a - 19. Let d be k(-18). Let u be 4*-1*(d/(-4))/7. Suppose 0 = -i - 0 + u. What are the prime factors of i?
5
Let z(i) = -285*i + 226. Let d(j) = 285*j - 224. Let n(v) = 5*d(v) + 4*z(v). List the prime factors of n(4).
2, 3, 7, 11
Let g(i) = 8*i**2 + 59*i - 2. Let n be g(-8). Let k = n + 119. What are the prime factors of k?
157
Let h(y) = -11*y + 9*y - y**2 - 322 + 977 + 2*y**3. What are the prime factors of h(0)?
5, 131
Let o = -34404 + 49256. List the prime factors of o.
2, 47, 79
Let c(k) = -11*k + 4. Let u(f) = f**2 + f - 2. Let v be u(1). Suppose -2*z + v*z = -3*x - 5, -z = 5. What are the prime factors of c(x)?
59
Suppose 162*m - 159*m = -2*s + 46204, -3*m + 46211 = -5*s. What are the prime factors of m?
2, 3, 17, 151
What are the prime factors of (-3)/60*-8*36705?
2, 3, 2447
Let t(g) = 63*g + 238. Let q(b) = 189*b + 712. Let i(k) = -4*q(k) + 11*t(k). List the prime factors of i(-15).
5, 11, 13
Let x be (0 - -3) + (-1 - 2). Suppose -2*k + 23 + 9 = x. Suppose -4*z = -3*z + j - k, -2*j + 47 = 3*z. List the prime factors of z.
3, 5
List the prime factors of 5774442/874 - (6/(-69))/1.
6607
Let g(o) = -8*o**3 + o - 2*o**2 + 7*o**3 + 2*o - 1 + 5. Let x be g(-3). List the prime factors of 1/2 - (-182)/x.
2, 23
Let y = -17 - -5. List the prime factors of (1/((-10)/(-3345)))/(y/(-40)).
5, 223
Let k(r) = 45*r + 275. Let v be k(-6). Suppose 3750 = 4*m + j, 12*m - 14*m - v*j + 1866 = 0. List the prime factors of m.
2, 7, 67
Suppose -275*w + 276*w - 3 = 0. List the prime factors of 1984/w*((-68)/(-8) + -7).
2, 31
What are the prime factors of 216/36*(-68905)/(-15)?
2, 13781
Suppose 0 = -4*g + 2*b - 13086, 0 = 4*g - 4*b + 7517 + 5575. What are the prime factors of (g/5)/(-1) + 8?
2, 331
Suppose 3*d = 3*i + 1632, -3*d + 5*d = -2*i + 1092. Let u = d + 295. Suppose 8*q + 0*q = u. List the prime factors of q.
3, 5, 7
Suppose 4*t + 6 = -j - 0*t, -5*t - 50 = -3*j. Suppose 3*w = -j + 22. Suppose 0 = -4*v + w*l - 2*l + 568, v = 5*l + 160. What are the prime factors of v?
2, 5, 7
Let w(r) = -14*r**3 - 3*r**2 + 3*r + 2. Let l be w(-5). Let c = l + -1170. What are the prime factors of c?
2, 3, 41
Suppose 0 = 2*m + 5*f + 20, -3*m - 9*f + 4 = -10*f. Suppose 2*a + u = 1757, -a - 4*u = -m*a - 875. List the prime factors of a.
3, 293
Let j be (1 + 1)/((-12)/42). Let s(x) = x**2 - 11*x - 12. Let a be s(j). Let z = 199 - a. What are the prime factors of z?
5, 17
Suppose 4*d + 24700 = 4*a, 2*a - a - 6163 = 3*d. What are the prime factors of a?
7, 883
Let v = 34469 - 26733. What are the prime factors of v?
2, 967
Let t = 71 - 69. Suppose t*x + 720 = 12*x. List the prime factors of x.
2, 3
Let f(s) = 3123*s + 5280. What are the prime factors of f(21)?
3, 13, 23, 79
Let k = 252 - 204. What are the prime factors of (-118)/k*-4*6?
59
Suppose -505*t + 12691817 = 788967. What are the prime factors of t?
2, 5, 2357
Suppose -90*l = 4*w - 89*l - 43807, 54785 = 5*w - 4*l. What are the prime factors of w?
3, 1217
Let t(b) = -2*b + 32*b**2 + 4 - 4*b - 2*b - 3*b. What are the prime factors of t(4)?
2, 59
Suppose -5008 = -4*d + 2*b + 2498, 4*b = -4*d + 7476. Let r = d + -850. What are the prime factors of r?
2
Suppose -21*j - 46550 = -59*j. List the prime factors of j.
5, 7
What are the prime factors of 21*27/(-378) + 265582/4?
2, 89, 373
What are the prime factors of 190/(-1140) + (-226315)/(-6)?
3, 11, 127
Suppose 2*z = 11 - 5. Let l be z/((-9)/(-15)) + 235. Suppose -l = 104*d - 108*d. List the prime factors of d.
2, 3, 5
Let l(g) = 6*g**3 + g**2 - 14*g - 3. Let b be l(-4). Let y = 1297 + b. What are the prime factors of y?
2, 491
Suppose -16*f + 69 = 21. What are the prime factors of -3*f/(63/(-6083))?
11, 79
Suppose -26*v + 955582 = -1102087 + 227607. List the prime factors of v.
59, 1193
Let r(s) = -s**2 - 4*s + 24. Let o be r(3). Suppose -q = a - 225 - 86, 1279 = 4*q - o*a. What are the prime factors of q?
2, 79
Let b(r) = -r**2 + 73*r - 7. Suppose -47*h + 393 + 1111 = 0. What are the prime factors of b(h)?
3, 5, 29
Let h(t) = -3*t - 94. Let v be h(-33). Let f(j) = 2*j**2 - 5*j - 23. Let o(l) = -l**2 + 3*l + 11. Let w(b) = 2*f(b) + 5*o(b). List the prime factors of w(v).
3
Suppose 127*b = 17*b - 14*b + 6079968. What are the prime factors of b?
2, 3, 227
Suppose -3*h - 5*f + 22 = 0, -2*h + 3*f + 10 - 8 = 0. Suppose 2*a - h*r - 1012 = 0, -9*a + 6*a + 1474 = 5*r. List the prime factors of a.
2, 3, 83
Suppose 0 = -2*g + 2*o + 31044, 0 = 67*g - 71*g + o + 62067. What are the prime factors of g?
5, 29, 107
Let y = -715 + 431. Let v = -81 - y. List the prime factors of v.
7, 29
Let n be 0/(4 - (-2 - -7)). Suppose 4*w - 5*z - 220 = n, -2*w + 6*z + 116 = 5*z. What are the prime factors of w?
2, 3, 5
Let j = 14702 - -212. What are the prime factors of j?
2, 7457
Let n be 3/(-6)*-8 + -2. Suppose -2*i + n*l = -2046, 2*l - 1259 = -3*i + 1795. List the prime factors of i.
2, 3, 5, 17
Let t be (-12)/18*(-9)/6. Let n be (t + 1)*-1 + (1 - -10). Let z = 19 + n. List the prime factors of z.
2, 7
Let y = 7091 - -3843. List the prime factors of y.
2, 7, 11, 71
Let n(w) = -167 - 2*w**3 + 19*w**2 - 3*w + 155 - 4*w - 6*w. What are the prime factors of n(7)?
2, 71
Suppose -412*s = -158*s - 2561844. What are the prime factors of s?
2, 3, 41
Suppose 14*a - 12*a = 4. Suppose a*r - 3*z = -z + 2238, -4*r + 4476 = 3*z. List the prime factors of r.
3, 373
Let g = 105 - 68. Suppose -g*y = -34*y - 108. Let d = 54 - y. What are the prime factors of d?
2, 3
Let t = -23 - -28. Let n(u) = -10 - 3*u**2 - 3*u**2 - 3*u + 10*u**2. List the prime factors of n(t).
3, 5
Suppose -488*g + 6745504 + 19537716 = -8757132. What are the prime factors of g?
2, 29, 619
Let n be (-921)/(-7) + (-21)/(-49). What are the prime factors of n + (-9)/(-6)*60/18?
137
What are the prime factors of (-4 + 6)*((-958268)/(-40) - (-6)/(-5))?
47911
Suppose -n = 2*q - 2, -4*q - n + 8 = -0*n. Suppose -q*z + 392 = -z. Let u = z + -123. What are the prime factors of u?
73
Let q = 47 + -41. Let o(x) be the first derivative of x**3 + x**2 - 6*x + 40. What are the prime factors of o(q)?
2, 3, 19
Suppose 0 = 70*z - 572069 + 146329. List the prime factors of z.
2, 3041
Let x be 8